{"id":6831,"date":"2025-05-13T20:15:40","date_gmt":"2025-05-13T20:15:40","guid":{"rendered":"https:\/\/www.tchintchindeco.fr\/?post_type=product&#038;p=6831"},"modified":"2025-07-22T15:22:42","modified_gmt":"2025-07-22T15:22:42","slug":"forfait-essentiel-essquisse-esq-a-distance","status":"publish","type":"product","link":"https:\/\/www.tchintchindeco.fr\/?product=forfait-essentiel-essquisse-esq-a-distance","title":{"rendered":"Conseil Couleur &#038; Ambiance &#8211; (\u00e0 distance)"},"content":{"rendered":"<h4 id=\"mce_29\" class=\"wp-block-heading\"><strong>1 pi\u00e8ce d\u00e9coration en ligne (HORS cuisine , salle de bain et studio)<\/strong><\/h4>\r\n<p><span style=\"color: #ff6600;\">* Tarif uniquement pour 1 pi\u00e8ce.<\/span><\/p>\r\n<p><strong>Trouver votre<\/strong> <strong>Ambiance<\/strong><\/p>\r\n<p><\/p>\r\n<p>La planche d&rsquo;Ambiance <strong>c\u2019est :<\/strong> C\u2019est une planche tendance sur lequel il y a un ensemble\u00a0de photos, d\u2019objets, de couleurs ou de mati\u00e8re qui <strong>exprime le style de votre pi\u00e8ce selon vos envies.<\/strong><\/p><ul class=\"wp-block-list\"><li>\u00c9changeons sur vos besoins et vos envies en<strong> <a href=\"https:\/\/docs.google.com\/forms\/d\/1uGI4giDP0s2p6Ea6gBiZBNB-dt4FGhaT55go8Cbcjk8\/edit\">formule en ligne<\/a><\/strong><\/li>\r\n<li class=\"Xp24Nw _bsDhw cgHgbA nxe3IQ _4c44Ng PanoWQ\">\r\n<p class=\"L_cebA\"><span class=\"OYPEnA\">2 propositions de palettes<br \/>couleurs pour murs, sols,<br \/>plafonds et\u00a0<\/span><span class=\"OYPEnA\">rev\u00eatements.<\/span><\/p>\r\n<\/li>\r\n<li class=\"Xp24Nw _bsDhw cgHgbA nxe3IQ _4c44Ng\">\r\n<p class=\"L_cebA\"><span class=\"OYPEnA\">1 planche finale (moodboard)<\/span><span class=\"OYPEnA\"><br \/><\/span><span class=\"OYPEnA\">avec palette valid\u00e9e et liens<\/span><span class=\"OYPEnA\"><br \/><\/span><span class=\"OYPEnA\">d&rsquo;achat int\u00e9gr\u00e9s.<\/span><\/p>\r\n<\/li>\r\n<li class=\"Xp24Nw _bsDhw cgHgbA nxe3IQ _4c44Ng\">\r\n<p class=\"L_cebA\"><span class=\"OYPEnA\">Une seule des deux<\/span><span class=\"OYPEnA\"><br \/><\/span><span class=\"OYPEnA\">propositions est d\u00e9velopp\u00e9e<\/span><span class=\"OYPEnA\"><br \/><\/span><span class=\"OYPEnA\">avec s\u00e9lection finale et<\/span><span class=\"OYPEnA\"><br \/><\/span><span class=\"OYPEnA\">r\u00e9f\u00e9rences cliquables.<\/span><\/p>\r\n<\/li>\r\n<\/ul>\r\n<ul class=\"wp-block-list\"><\/ul>\r\n<p>&nbsp;<\/p><ul class=\"wp-block-list\"><\/ul>","protected":false},"excerpt":{"rendered":"<p>1 pi\u00e8ce d\u00e9coration en ligne (HORS cuisine , salle de bain et studio) * Tarif uniquement pour 1 pi\u00e8ce. Trouver votre Ambiance La planche d&rsquo;Ambiance c\u2019est : C\u2019est une planche tendance sur lequel il y a un ensemble\u00a0de photos, d\u2019objets, de couleurs ou de mati\u00e8re qui exprime le style de votre pi\u00e8ce selon vos envies.<\/p>\n","protected":false},"featured_media":6920,"comment_status":"closed","ping_status":"closed","template":"","meta":{"jetpack_post_was_ever_published":false,"jetpack_publicize_message":"","jetpack_publicize_feature_enabled":true,"jetpack_social_post_already_shared":true,"jetpack_social_options":{"image_generator_settings":{"template":"highway","enabled":false},"version":2}},"product_brand":[],"product_cat":[84],"product_tag":[],"class_list":{"0":"post-6831","1":"product","2":"type-product","3":"status-publish","4":"has-post-thumbnail","6":"product_cat-prestations","8":"first","9":"instock","10":"taxable","11":"shipping-taxable","12":"purchasable","13":"product-type-simple"},"jetpack_publicize_connections":[],"jetpack_sharing_enabled":true,"jetpack-related-posts":[],"_links":{"self":[{"href":"https:\/\/www.tchintchindeco.fr\/index.php?rest_route=\/wp\/v2\/product\/6831","targetHints":{"allow":["GET"]}}],"collection":[{"href":"https:\/\/www.tchintchindeco.fr\/index.php?rest_route=\/wp\/v2\/product"}],"about":[{"href":"https:\/\/www.tchintchindeco.fr\/index.php?rest_route=\/wp\/v2\/types\/product"}],"replies":[{"embeddable":true,"href":"https:\/\/www.tchintchindeco.fr\/index.php?rest_route=%2Fwp%2Fv2%2Fcomments&post=6831"}],"wp:featuredmedia":[{"embeddable":true,"href":"https:\/\/www.tchintchindeco.fr\/index.php?rest_route=\/wp\/v2\/media\/6920"}],"wp:attachment":[{"href":"https:\/\/www.tchintchindeco.fr\/index.php?rest_route=%2Fwp%2Fv2%2Fmedia&parent=6831"}],"wp:term":[{"taxonomy":"product_brand","embeddable":true,"href":"https:\/\/www.tchintchindeco.fr\/index.php?rest_route=%2Fwp%2Fv2%2Fproduct_brand&post=6831"},{"taxonomy":"product_cat","embeddable":true,"href":"https:\/\/www.tchintchindeco.fr\/index.php?rest_route=%2Fwp%2Fv2%2Fproduct_cat&post=6831"},{"taxonomy":"product_tag","embeddable":true,"href":"https:\/\/www.tchintchindeco.fr\/index.php?rest_route=%2Fwp%2Fv2%2Fproduct_tag&post=6831"}],"curies":[{"name":"wp","href":"https:\/\/api.w.org\/{rel}","templated":true}]}}